{"id":24130,"date":"2017-06-23T14:24:22","date_gmt":"2017-06-23T12:24:22","guid":{"rendered":"https:\/\/www.iwanowski.de\/blog\/wp-content\/uploads\/2017\/06\/005_IMG_0111_Farbenfroh-und-l\u00e4ssig-elegant-so-der-dress-code-f\u00fcr-Feste-und-Festivals.jpg"},"modified":"2017-06-23T14:24:22","modified_gmt":"2017-06-23T12:24:22","slug":"005_img_0111_farbenfroh-und-laessig-elegant-so-der-dress-code-fuer-feste-und-festivals","status":"inherit","type":"attachment","link":"https:\/\/www.iwanowski.de\/blog\/005_img_0111_farbenfroh-und-laessig-elegant-so-der-dress-code-fuer-feste-und-festivals\/","title":{"rendered":"005_IMG_0111_Farbenfroh und l\u00e4ssig-elegant, so der dress code f\u00fcr Feste und Festivals"},"author":301,"featured_media":0,"comment_status":"open","ping_status":"closed","template":"","meta":{"ngg_post_thumbnail":0},"class_list":["post-24130","attachment","type-attachment","status-inherit","hentry"],"description":{"rendered":"<p class=\"attachment\"><a href=\"https:\/\/www.iwanowski.de\/blog\/wp-content\/uploads\/2017\/06\/005_IMG_0111_Farbenfroh-und-l\u00e4ssig-elegant-so-der-dress-code-f\u00fcr-Feste-und-Festivals.jpg\" data-wpel-link=\"internal\"><img loading=\"lazy\" decoding=\"async\" width=\"300\" height=\"230\" src=\"https:\/\/www.iwanowski.de\/blog\/wp-content\/uploads\/2017\/06\/005_IMG_0111_Farbenfroh-und-l\u00e4ssig-elegant-so-der-dress-code-f\u00fcr-Feste-und-Festivals-300x230.jpg\" class=\"attachment-medium size-medium\" alt=\"\" srcset=\"https:\/\/www.iwanowski.de\/blog\/wp-content\/uploads\/2017\/06\/005_IMG_0111_Farbenfroh-und-l\u00e4ssig-elegant-so-der-dress-code-f\u00fcr-Feste-und-Festivals-300x230.jpg 300w, https:\/\/www.iwanowski.de\/blog\/wp-content\/uploads\/2017\/06\/005_IMG_0111_Farbenfroh-und-l\u00e4ssig-elegant-so-der-dress-code-f\u00fcr-Feste-und-Festivals-768x589.jpg 768w, https:\/\/www.iwanowski.de\/blog\/wp-content\/uploads\/2017\/06\/005_IMG_0111_Farbenfroh-und-l\u00e4ssig-elegant-so-der-dress-code-f\u00fcr-Feste-und-Festivals.jpg 997w\" sizes=\"auto, (max-width: 300px) 100vw, 300px\" \/><\/a><\/p>"},"caption":{"rendered":""},"alt_text":"","media_type":"image","mime_type":"image\/jpeg","media_details":{"width":997,"height":764,"file":"2017\/06\/005_IMG_0111_Farbenfroh-und-l\u00e4ssig-elegant-so-der-dress-code-f\u00fcr-Feste-und-Festivals.jpg","sizes":{"thumbnail":{"file":"005_IMG_0111_Farbenfroh-und-l\u00e4ssig-elegant-so-der-dress-code-f\u00fcr-Feste-und-Festivals-150x150.jpg","width":150,"height":150,"mime_type":"image\/jpeg","source_url":"https:\/\/www.iwanowski.de\/blog\/wp-content\/uploads\/2017\/06\/005_IMG_0111_Farbenfroh-und-l\u00e4ssig-elegant-so-der-dress-code-f\u00fcr-Feste-und-Festivals-150x150.jpg"},"medium":{"file":"005_IMG_0111_Farbenfroh-und-l\u00e4ssig-elegant-so-der-dress-code-f\u00fcr-Feste-und-Festivals-300x230.jpg","width":300,"height":230,"mime_type":"image\/jpeg","source_url":"https:\/\/www.iwanowski.de\/blog\/wp-content\/uploads\/2017\/06\/005_IMG_0111_Farbenfroh-und-l\u00e4ssig-elegant-so-der-dress-code-f\u00fcr-Feste-und-Festivals-300x230.jpg"},"medium_large":{"file":"005_IMG_0111_Farbenfroh-und-l\u00e4ssig-elegant-so-der-dress-code-f\u00fcr-Feste-und-Festivals-768x589.jpg","width":768,"height":589,"mime_type":"image\/jpeg","source_url":"https:\/\/www.iwanowski.de\/blog\/wp-content\/uploads\/2017\/06\/005_IMG_0111_Farbenfroh-und-l\u00e4ssig-elegant-so-der-dress-code-f\u00fcr-Feste-und-Festivals-768x589.jpg"},"recentposts-widget-img":{"file":"005_IMG_0111_Farbenfroh-und-l\u00e4ssig-elegant-so-der-dress-code-f\u00fcr-Feste-und-Festivals-300x300.jpg","width":300,"height":300,"mime_type":"image\/jpeg","source_url":"https:\/\/www.iwanowski.de\/blog\/wp-content\/uploads\/2017\/06\/005_IMG_0111_Farbenfroh-und-l\u00e4ssig-elegant-so-der-dress-code-f\u00fcr-Feste-und-Festivals-300x300.jpg"},"recent-img":{"file":"005_IMG_0111_Farbenfroh-und-l\u00e4ssig-elegant-so-der-dress-code-f\u00fcr-Feste-und-Festivals-360x480.jpg","width":360,"height":480,"mime_type":"image\/jpeg","source_url":"https:\/\/www.iwanowski.de\/blog\/wp-content\/uploads\/2017\/06\/005_IMG_0111_Farbenfroh-und-l\u00e4ssig-elegant-so-der-dress-code-f\u00fcr-Feste-und-Festivals-360x480.jpg"},"slider-img":{"file":"005_IMG_0111_Farbenfroh-und-l\u00e4ssig-elegant-so-der-dress-code-f\u00fcr-Feste-und-Festivals-997x600.jpg","width":997,"height":600,"mime_type":"image\/jpeg","source_url":"https:\/\/www.iwanowski.de\/blog\/wp-content\/uploads\/2017\/06\/005_IMG_0111_Farbenfroh-und-l\u00e4ssig-elegant-so-der-dress-code-f\u00fcr-Feste-und-Festivals-997x600.jpg"},"full":{"file":"005_IMG_0111_Farbenfroh-und-l\u00e4ssig-elegant-so-der-dress-code-f\u00fcr-Feste-und-Festivals.jpg","width":997,"height":764,"mime_type":"image\/jpeg","source_url":"https:\/\/www.iwanowski.de\/blog\/wp-content\/uploads\/2017\/06\/005_IMG_0111_Farbenfroh-und-l\u00e4ssig-elegant-so-der-dress-code-f\u00fcr-Feste-und-Festivals.jpg"}},"image_meta":{"aperture":"7.1","credit":"","camera":"Canon EOS 1000D","caption":"","created_timestamp":"1431299587","copyright":"","focal_length":"40","iso":"200","shutter_speed":"0.01","title":"","orientation":"1","keywords":[]}},"post":null,"source_url":"https:\/\/www.iwanowski.de\/blog\/wp-content\/uploads\/2017\/06\/005_IMG_0111_Farbenfroh-und-l\u00e4ssig-elegant-so-der-dress-code-f\u00fcr-Feste-und-Festivals.jpg","_links":{"self":[{"href":"https:\/\/www.iwanowski.de\/blog\/wp-json\/wp\/v2\/media\/24130","targetHints":{"allow":["GET"]}}],"collection":[{"href":"https:\/\/www.iwanowski.de\/blog\/wp-json\/wp\/v2\/media"}],"about":[{"href":"https:\/\/www.iwanowski.de\/blog\/wp-json\/wp\/v2\/types\/attachment"}],"author":[{"embeddable":true,"href":"https:\/\/www.iwanowski.de\/blog\/wp-json\/wp\/v2\/users\/301"}],"replies":[{"embeddable":true,"href":"https:\/\/www.iwanowski.de\/blog\/wp-json\/wp\/v2\/comments?post=24130"}]}}

https://www.iwanowski.de/blog/wp-content/uploads/2017/06/005_IMG_0111_Farbenfroh-und-lässig-elegant-so-der-dress-code-für-Feste-und-Festivals.jpg

005_IMG_0111_Farbenfroh und lässig-elegant, so der dress code für Feste und Festivals

<p class="attachment"><a href="https://www.iwanowski.de/blog/wp-content/uploads/2017/06/005_IMG_0111_Farbenfroh-und-lässig-elegant-so-der-dress-code-für-Feste-und-Festivals.jpg" data-wpel-link="internal"><img loading="lazy" decoding="async" width="300" height="230" src="https://www.iwanowski.de/blog/wp-content/uploads/2017/06/005_IMG_0111_Farbenfroh-und-lässig-elegant-so-der-dress-code-für-Feste-und-Festivals-300x230.jpg" class="attachment-medium size-medium" alt="" srcset="https://www.iwanowski.de/blog/wp-content/uploads/2017/06/005_IMG_0111_Farbenfroh-und-lässig-elegant-so-der-dress-code-für-Feste-und-Festivals-300x230.jpg 300w, https://www.iwanowski.de/blog/wp-content/uploads/2017/06/005_IMG_0111_Farbenfroh-und-lässig-elegant-so-der-dress-code-für-Feste-und-Festivals-768x589.jpg 768w, https://www.iwanowski.de/blog/wp-content/uploads/2017/06/005_IMG_0111_Farbenfroh-und-lässig-elegant-so-der-dress-code-für-Feste-und-Festivals.jpg 997w" sizes="auto, (max-width: 300px) 100vw, 300px" /></a></p>

2017/06/005_IMG_0111_Farbenfroh-und-lässig-elegant-so-der-dress-code-für-Feste-und-Festivals.jpg

005_IMG_0111_Farbenfroh-und-lässig-elegant-so-der-dress-code-für-Feste-und-Festivals-150x150.jpg

https://www.iwanowski.de/blog/wp-content/uploads/2017/06/005_IMG_0111_Farbenfroh-und-lässig-elegant-so-der-dress-code-für-Feste-und-Festivals-150x150.jpg

005_IMG_0111_Farbenfroh-und-lässig-elegant-so-der-dress-code-für-Feste-und-Festivals-300x230.jpg

https://www.iwanowski.de/blog/wp-content/uploads/2017/06/005_IMG_0111_Farbenfroh-und-lässig-elegant-so-der-dress-code-für-Feste-und-Festivals-300x230.jpg

005_IMG_0111_Farbenfroh-und-lässig-elegant-so-der-dress-code-für-Feste-und-Festivals-768x589.jpg

https://www.iwanowski.de/blog/wp-content/uploads/2017/06/005_IMG_0111_Farbenfroh-und-lässig-elegant-so-der-dress-code-für-Feste-und-Festivals-768x589.jpg

005_IMG_0111_Farbenfroh-und-lässig-elegant-so-der-dress-code-für-Feste-und-Festivals-300x300.jpg

https://www.iwanowski.de/blog/wp-content/uploads/2017/06/005_IMG_0111_Farbenfroh-und-lässig-elegant-so-der-dress-code-für-Feste-und-Festivals-300x300.jpg

005_IMG_0111_Farbenfroh-und-lässig-elegant-so-der-dress-code-für-Feste-und-Festivals-360x480.jpg

https://www.iwanowski.de/blog/wp-content/uploads/2017/06/005_IMG_0111_Farbenfroh-und-lässig-elegant-so-der-dress-code-für-Feste-und-Festivals-360x480.jpg

005_IMG_0111_Farbenfroh-und-lässig-elegant-so-der-dress-code-für-Feste-und-Festivals-997x600.jpg

https://www.iwanowski.de/blog/wp-content/uploads/2017/06/005_IMG_0111_Farbenfroh-und-lässig-elegant-so-der-dress-code-für-Feste-und-Festivals-997x600.jpg

005_IMG_0111_Farbenfroh-und-lässig-elegant-so-der-dress-code-für-Feste-und-Festivals.jpg
